of -5 + -1 + 0 - (69 + -74)?
-1
What is the value of -12 + (17 - (5 - 2))?
2
What is 0 + -1 + -2 + -1 + 3?
-1
Evaluate -4 - (-4 - (1 - 5)) - -7.
3
Evaluate 0 + (-2 - (8 + -5)).
-5
Calculate 10 + 3 + -5 + -2.
6
Evaluate -6 + (15 - 6 - -2).
5
What is the value of (7 - 2) + 103 + -113?
-5
What is 0 - (0 - -2) - -2?
0
-7 + (5 - (-4 + 0))
2
Evaluate (3 - 0) + -1 + -1 + 2.
3
Evaluate (-4 - -2) + (8 - 0) + -2.
4
Evaluate 3 - (9 + -8) - 1.
1
Calculate -2 + (-5 - (-8 + 1 - -6)).
-6
What is 0 - (3 - -1 - 4)?
0
What is the value of 1 - (1 + 6 + -4)?
-2
Calculate 4 - (-4 + 10) - -9.
7
Evaluate 8 - (7 + 1) - 4.
-4
What is -9 + (-12 - -19 - (1 + 0))?
-3
What is the value of 0 + -5 + (-4 - -5)?
-4
Evaluate -5 + -4 + 17 + -5.
3
Calculate (-24 - -21) + (0 - (2 - 1)).
-4
Evaluate -1 - (0 + (1 - -3)).
-5
What is -54 - -52 - (-5 - (1 - 1))?
3
Calculate 68 - 53 - (0 - -8).
7
Calculate (-36 - -29) + (-5 + 2 - -16).
6
Calculate 4 - (0 - 4 - -3).
5
Calculate -8 + 3 - (4 - 0 - 3).
-6
Evaluate 0 + (-4 - (-2 - 5)) + 0.
3
1 + (2 - (0 - -3 - 0))
0
(0 - -1) + -1 + 4
4
What is the value of -6 - (6 - (-7 + -6 + 23))?
-2
What is 0 + -1 + -8 + 9 + 4?
4
Evaluate -14 + -4 - -5 - -7 - -10.
4
(1 - -1) + (-6 - -9)
5
Calculate -4 + 1 + 6 - -2.
5
What is the value of (-19 - -14) + -2 - (-10 - 0)?
3
What is (4 - 1) + -15 + 18 + -2?
4
What is the value of 27 + -45 - (-8 - 1)?
-9
What is -11 + 6 + 0 + 2?
-3
Calculate (-1 - -4 - 5) + -5 - -4.
-3
What is the value of -12 - (0 + 6 + -9 + -3)?
-6
What is 13 + -4 - 2 - (-2 + 3)?
6
Calculate -3 - (-4 + 2) - (19 + -25).
5
What is 11 + 0 - (61 - 47)?
-3
Calculate (9 - 1 - 4) + (3 - 7).
0
What is the value of -7 + (-3 - (1 + -7)) + 4?
0
What is the value of -1 - (1 + -3 + 1 - 3)?
3
17 - (-3 + 13 + -1)
8
5 + -3 + (-4 - -1)
-1
Evaluate 2 + -2 + (11 + -3 - 7).
1
Evaluate 2 - (3 - (0 + 9)) - 3.
5
-7 - (5 + -8) - -9
5
Calculate 1 - 4 - (0 + -1).
-2
What is -6 + 4 + 10 + -3?
5
Calculate 7 + -10 + 4 + 2 + -5.
-2
Calculate 2 + (-1 - 4 - -7).
4
What is -1 + (0 - (5 + -1)) + 7?
2
Calculate (4 - (-4 + 17)) + 1.
-8
Calculate 0 - (-2 - 1 - (1 - 2)).
2
Calculate 1 + -9 - (-15 + -7 + 23).
-9
Calculate (1 - ((-4 - 1) + 3)) + 0.
3
What is the value of 2 + -1 + -5 + 6?
2
Calculate 2 + -1 + -1 - -6.
6
What is 13 - 4 - (0 - -4)?
5
Evaluate 0 - -4 - ((-13 - 12) + 25).
4
What is the value of -6 - (-2 + -2 + (-4 - -2))?
0
What is the value of (-2 - ((-4 - -9) + -2)) + 5?
0
-8 + (9 - -1) - -5
7
(-4 - -3) + 2 + (-2 - -2)
1
Calculate 4 - ((0 - (-1 - 2)) + -1).
2
(-6 - 3) + 11 + 3
5
2 + 4 - 1 - 2
3
(-1 + -4 - -5) + -4
-4
-5 + (-1 + -1 - -9) + -8
-6
Calculate 0 + 6 + (-4 - -3).
5
Evaluate 7 - 17 - -11 - -1.
2
What is 3 - (4 - (-1 - (-4 - 0)))?
2
What is -45 - -44 - (-1 + (1 - 1))?
0
What is the value of 10 - -2 - 9 - -1?
4
What is (5 - (-13 - -17)) + -1?
0
What is (4 - -1) + -2 - (21 + -20)?
2
Evaluate (11 - 4) + -5 - 11.
-9
What is -2 + 9 + (-38 - -25)?
-6
(2 - 8) + 11 + -12 + 2
-5
Evaluate 2 + -7 + -3 + 0 + 1.
-7
Evaluate 0 + -6 - (-20 - -19).
-5
-4 + -3 + 8 + -5
-4
What is -7 + 2 + (-1 - (1 + -4))?
-3
Evaluate -5 - (0 + -7) - 2.
0
What is -7 + 1 - (2 + 1 + -3)?
-6
1 + (-3 - -2) + 20 + -22
-2
Calculate 1 + (9 - 14) + -3.
-7
Calculate -5 + 8 - 6 - (0 + 0).
-3
What is the value of -1 + (7 + -11 - 1)?
-6
What is -16 + 2 - -6 - -4?
-4
What is the value of -2 - (-7 + 1 - (9 - 7))?
6
(-7 - -2) + 11 + (-3 - 2)
1
-11 - (4 - 16 - -7)
-6
What is -3 + (21 - 24) - (0 - 1)?
-5
(5 - 10) + (-2 - -16)
9
Calculate 2 - 7 - (-2 - 5).
2
(4 + 4 - 4) + -2 + -3
-1
What is the value of (11 - 16 - (-1 - 1)) + -3?
-6
Calculate -6 - (8 + -1 + -13 - 0).
0
What is -7 + 1 + (12 - 1)?
5
Calculate 18 + -17 + -1 + 2.
2
What is 0 - (-4 + 1 - -4)?
-1
What is -2 + (1 - -1) + (1 - 1)?
0
Calculate (3 - (8 - 12)) + -2.
5
1 - (2 + -1) - (-2 - -3)
-1
What is the value of -3 - (1 + 2) - (-15 - -10)?
-1
Calculate -1 - (3 + -3) - -6.
5
What is 1 + -1 + 1 - (81 + -75)?
-5
Evaluate (-24 - -23 - -7) + (1 - 0).
7
Evaluate 4 + -15 + 11 + -8.
-8
Calculate -4 + (-2 + 6 - -2).
2
3 - 2 - (7 - (3 + -1))
-4
-2 - -5 - (11 - 10)
2
What is the value of 0 + 0 + -4 + 0?
-4
1 + 0 + (63 - 65)
-1
Evaluate 2 + (-4 + 2 - (1 - 4)).
3
-16 + 14 - (-3 + (3 - 2))
0
What is 8 + (-2 + 8 - 10)?
4
What is 6 + (-3 - 1) + 1 - 7?
-4
0 - -2 - (-39 - -33)
8
What is the value of (83 - 96) + (7 - 2)?
-8
What is -4 + 0 + -5 + 4 - 0?
-5
What is -7 + 11 + -1 + 0?
3
Evaluate (-2 - 0) + (-1 - -1) - -2.
0
-1 + (-11 - (6 + -13))
-5
What is (2 - (1 + 3)) + (-2 - -1)?
-3
What is -8 + 4 - (-9 - -3)?
2
What is the value of (-2 - (-1 - 2)) + 1 + 0?
2
Calculate -41 + 45 - (-1 + 6).
-1
Calculate -9 - (-7 + 6 + -3).
-5
Calculate -1 - (2 + 4 + -10).
3
Calculate (-1 - 5) + 14 + -8 - 4.
-4
Calculate (-2 - 3) + 0 - (-3 - -3).
-5
What is the value of -6 + 3 + 1 + -3 + 0?
-5
Calculate -12 + (3 + 3 - 0) - 1.
-7
Calculate -2 - -10 - (11 - (10 - 10)).
-3
Evaluate -7 + 4 + 0 + 9.
6
What is the value of 18 + -17 - (5 - 2)?
-2
Calculate -1 - (1 - -3 - (21 - 21)).
-5
Calculate (1 - (-3 - 1)) + -1.
4
What is the value of (18 - 24) + -2 + 13?
5
What is 7 - 1 - 8 - 1?
-3
What is 3 + (-1 - (-1 - -2) - 3)?
-2
(-11 + 7 - 1) + -4
-9
1 - 5 - (6 - 7 - 1)
-2
Calculate 5 - (-5 - -13) - (10 - 5).
-8
4 - (-1 + -8 + 9)
4
Evaluate -5 + 1 + (-5 - (-5 + 1)).
-5
Evaluate 1 - (2 - 6 - (0 + -2)).
3
0 + (-2 - 0) + (29 - 29)
-2
What is the value of -1 + (-5 - 2) - (-10 - -7)?
-5
Calculate 0 - 0 - (17 - 12).
-5
0 + -7 + (16 - 14)
-5
Evaluate 5 + -4 + 0 + -3.
-2
-7 - ((-5 - -1) + 0)
-3
What is the value of -3 + 3 + (-1 - -3) + 3?
5
What is the value of -8 - (9 - 19 - 4)?
6
Evaluate 1 + (2 + -4 + 3 - -1).
3
4 + -3 + 3 + (-1 - 2)
1
What is the value of (-5 - (0 - 2)) + (1 - -9)?
7
What is -1 - (-1 - 10) - (3 - -2)?
5
What is the value of -13 + 5 - -5 - -8?
5
Evaluate -28 + 19 + 5 + 0.
-4
-3 - (4 + (0 - 2) + -2)
-3
-3 + 0 + 0 + -2
-5
What is (5 - 3) + -2 + 1?
1
5 + (-2 + -2 - -1) - -4
6
Calculate -4 - 0 - -1 - (5 - 6).
-2
Calculate -7 + (3 - 0) - -4.
0
Evaluate 1 + (-9 - (8 + -12)).
-4
What is the value of -4 + 0 + 5 + 3?
4
What is 16 + (-25 - (-7 - 7))?
5
What is -2 + (-4 - (4 - 12)) + -7?
-5
What is (-4 - 2) + 10 - 8?
-4
What is the value of 0 - 1 - (-3 + 3 + 3)?
-4
Evaluate 7 + 3 + -9 + -6.
-5
What is -1 + 1 - (-3 - (-3 - 5))?
-5
What is the value of 0 + -3 + (3 - 1)?
-1
Evaluate (-2 + -1 - (-12 - -3)) + -4.
2
Calculate (8 - (2 + (-2 - 1))) + -8.
1
Calculate (-5 - -2) + -3 + 8.
2
Calculate (5 - 8) + (6 - 0) + -7.
-4
What is the value of 2 + (3 - (1 + 1 + 2))?
1
What is -2 + 0 + (3 - 3 - -1)?
-1
8 + (-4 - (-2 - -5))
1
Evaluate -2 - (1 + -2) - (0 - -3).
-4
(-2 - 1) + 20 + (-34 - -20)
3
What is the value of (-4 - (3 - 3 - 10)) + -15?
-9
Calculate 3 + (-5 - (5 - 3 - 3)).
-1
-1 + 3 + (-7 + 4 - 2)
-3
Evaluate (-4 - 3 - -2) + -5 + 4.
-6
Evaluate (-5 - (-1 - -2 - 3)) + 8.
5
(0 - (-1 + 2)) + (16 - 18)
-3
What is 0 + -11 - -7 - -12?
8
Evaluate 1 - (-6 - -1) - (-2 + 6).
2
Calculate 3 - (-3 - (-1 - 3 - 1)).
1
What is the value of 6 + -2 + 1 + 0?
5
Evaluate 5 - 2 - (2 + (-3 - 0)).
4
Evaluate -5 + (4 - -10) + -6.
3
Evaluate 5 - ((-1 - -3) + 1).
2
What is (0 - 2) + -6 + (26 - 12)?
6
What is (-4 + 3 - 2) + 0 + 8?
5
Calculate 3 - (-10 - -9 - (-3 - -2)).
3
What is 0 - (2 + -3) - 1 - -4?
4
What is (52 - 43) + -3 + (-1 - -1)?
6
What is the value of 10 + -4 + (-2 - 6)?
-2
Calculate -1 + (-5 + 5 + 2 - 6).
-5
(-1 - 0) + 1 + (-7 - -4)
-3
What is the value of 7 + -17 + 8 + -7 + 5?
-4
3 + (2 - 0 - -4 - 4)
5
What is -4 - ((-4 - -1) + 0)?
-1
What is -4 + 1 + 1 - 2?
-4
What is 6 + (-58 - -54 - (1 - -7))?
-6
-7 - (-1 + -8 + -1)
3
-1 - (3 + -4) - (-3 - -8)
-5
Calculate (-3 - -3) + -6 - (-4 - -1).
-3
1 + (5 - (-3 + 4) - 1)
4
6 - (15 + (-4 - 3))
-2
-3 - (-2 + 3) - (-22 - -17)
1
What is -5 + (2 - 10) + 11?
-2
What is -8 + -5 + (7 - 2)?
-8
(-1 + 2 - (3 + -7)) + -3
2
What is the value of 7 - (-1 - -5) - -1?
4
-2 + (-11 + 10 - 3)
-6
Evaluate 2 + 1 + (3 - 10).
-4
Evaluate 3 - (0 - 1) - 6 - 3.
-5
Evaluate (-16 - -19) + (1 - 2).
2
Evaluate -1 + (2 + -2 + -6 - -8).
1
-2 - ((-3 - 5) + 2)
4
-5 - (-3 - (5 + -8))
-5
Calculate (-6 - (-5 - 1)) + 4.
4
Calculate (-1 - 13) + 9 + -2.
-7
What is -1 + 3 + (-5 - -3) + -3?
-3
Calculate 1 + (-5 - -4 - -7) + -5.
2
Evaluate (-3 - (6 + -5)) + 6.
2
4 - (4 + -11 + 3) - -3
11
Evaluate 4 - (9 - (6 - (6 + -3)